(z) = -z**3 - 4*z**2 + 13*z + 9. Suppose 7 = b + 13. Let v be x(b). Suppose 0*t - 5*t = -v*a + 284, -3*a + t + 304 = 0. Is a prime?
True
Let r = 21574 - 4703. Is r prime?
True
Let c = 0 - 1. Is c/(1072/1074 - 1) prime?
False
Suppose 5*o = 3*o + 8. Suppose -2*h = 4, -s - o*h + 783 = -h. Is s a prime number?
False
Let p = -4420 - -9845. Let f = p + -2952. Is f prime?
True
Let z(g) = -3 - 7 + 2 + 6*g + 1 + 9*g**3. Is z(2) prime?
False
Suppose -4*z = 2*z - 1356. Let p = z + 67. Is p prime?
True
Let b(o) be the second derivative of 4*o**4/3 - o**3/6 - 8*o**2 + 22*o. Is b(7) composite?
False
Let x(m) = 8*m + 5 + 3*m**2 - 5*m**2 + 2*m**2 + 2*m**2. Is x(9) composite?
False
Let u be 62/((2/(-2))/(4/(-1))). Let s = u + -57. Is s a prime number?
True
Let r = -6465 + 11486. Is r composite?
False
Let g(k) = -k + 10. Let r be g(7). Suppose -4*a + 7*d + 8 = 4*d, d = r*a - 6. Suppose -4*i + 844 = 4*n, 0 = -a*i - 2*i. Is n composite?
False
Let o be 1*(-3 - (-1 - 2)). Let x(n) = 9*n + o + 169*n**2 - 12*n + 5*n + 2. Is x(-1) a prime number?
False
Let l(r) = -r - 20. Let o be l(-17). Let h = o + 42. Is h composite?
True
Let x(m) = m. Let b be x(1). Let r be ((-1180)/(-4))/(0 + b). Suppose 5*f - r = t, 3*t + 62 - 3 = f. Is f composite?
False
Is 1146/4*(0 - -2) a composite number?
True
Suppose 0 = -6*w + 33764 - 4778. Is w prime?
True
Let h = 11312 + -6093. Is h composite?
True
Suppose -18*g + 37*g - 803681 = 0. Is g prime?
True
Let g(x) = -x**3 - 15*x**2 + 6*x - 21. Is g(-18) a composite number?
True
Let u = 19 + -13. Suppose u*s = 3*s + 345. Is s a composite number?
True
Suppose 105 = z - 0*z. Let n = z + 782. Is n a composite number?
False
Let r = -77 - -72. Is 1/(r/(-1280 + -5)) a composite number?
False
Suppose 4*z + 0*z = 76012. Is z a prime number?
False
Let b(d) = 2546*d - 279. Is b(5) prime?
True
Let l = -86 - -85. Is (-160 - l)*((-14)/21 - 3) a prime number?
False
Let s = 170 + -119. Suppose -2*a - 357 + s = 0. Is (7/21)/((-1)/a) composite?
True
Let k = -2 - -7. Suppose -k*b = -3*x + 12599, 3*x = 7*x - 2*b - 16780. Is x composite?
True
Suppose -4*v - 4 - 261 = -3*w, 3*w = -4*v + 281. Suppose -5*d - 2*r - 197 = 81, -20 = 5*r. Let n = w + d. Is n prime?
True
Suppose 14*m + 2*n = 13*m + 2169, 0 = 3*m + 5*n - 6502. Is m a composite number?
True
Let m be (206/2)/(7/(-35)) - 2. Let j = 754 + m. Is j composite?
True
Let s(y) = 6*y**3 + 11*y**2 - 17*y + 3. Is s(5) composite?
True
Is (603/12 + -2 + 1)*20 composite?
True
Let i = 14 + 6. Let p = 23 - i. Suppose -3*c = -6*j + j - 1417, 0 = p*c + 3*j - 1449. Is c a prime number?
True
Let b be (-27)/(-5 + (-52)/(-8)). Let h(l) be the third derivative of -l**6/120 - 4*l**5/15 + 17*l**4/24 - 5*l**3/6 - 2*l**2. Is h(b) a prime number?
True
Suppose -419*k + 95669 = -412*k. Is k composite?
True
Let b be (4/6)/(10/13605). Suppose s - 2*q + b = 0, 2*s + 1819 = 2*q + q. Is s/(-7) + (-8)/2 a prime number?
True
Let h = 3648 - 2249. Is h composite?
False
Let h = 4648 - 1807. Is h a prime number?
False
Let j(i) be the third derivative of -13*i**7/1680 + i**6/144 - i**5/15 - i**2. Let r(t) be the third derivative of j(t). Is r(-4) a prime number?
False
Let k = 23834 + -14431. Is k a composite number?
False
Let y(w) = 6*w**2 + 3*w + 38. Is y(20) prime?
False
Suppose 0 = -5*o - 3*f + 38918 + 22320, f = 1. Is o composite?
True
Let l = -10844 - -39633. Is l prime?
True
Let t(h) be the second derivative of -73*h**3/3 - 3*h**2/2 + 6*h. Let p be ((-10)/15)/(2/3). Is t(p) composite?
True
Let m = 28 + -51. Let p = m - -26. Let s(f) = 7*f**3 - f - 3. Is s(p) a prime number?
False
Let n = -34608 - -55351. Is n a prime number?
True
Let g be (-4)/3*1*21/7. Let r = g + 57. Is r composite?
False
Let c be 0/(4/6*-3). Suppose c = g - 5 + 2. Suppose -574 = -3*a + x, -2*a + g*a - 187 = -4*x. Is a a prime number?
True
Let h(d) = d - 6. Let v be h(2). Let f(s) = 12*s**3 + 2*s**2 - s - 3. Let k(c) = 13*c**3 + 3*c**2 - c - 4. Let u(n) = v*k(n) + 5*f(n). Is u(2) prime?
False
Is 3/(102/4) + (-825747)/(-527) a composite number?
False
Suppose -2*j = 3 - 9. Suppose j*c + 0*c = 2*y - 214, -5*c + 3*y = 355. Let r = 539 + c. Is r prime?
False
Suppose -24331 = -7*f - 7580. Is f prime?
True
Suppose 0 = -12*r - 0*r + 63084. Is r a prime number?
False
Suppose 3137 = -5*n + 8*n + 5*i, -i = -4. Is n prime?
True
Suppose 2*u = t + 1986, u + 4*t - 993 = 2*t. Is u composite?
True
Is -9562*7/35*(-15)/6 prime?
False
Suppose 37121 = -6*h - h. Let g = h - -2687. Let w = -1361 - g. Is w a prime number?
False
Suppose 0*j + 47815 = 5*j. Let f be j/2 + 18/36. Suppose 3*y + 3*y - f = 0. Is y composite?
False
Suppose -i + 2*u + 3601 = 0, 5*u - u - 10833 = -3*i. Is i prime?
True
Suppose 4*r = -4*l + 65316, 18*l + 65328 = 4*r + 16*l. Is r a prime number?
False
Let n be (15/2)/(1/18). Let q = n - -394. Is q a prime number?
False
Let z(f) = -f**2 + 6*f - 8. Let p be z(4). Suppose p = -3*k + 2997 - 636. Is k composite?
False
Let q = -3768 + 6662. Is q a composite number?
True
Let d be (-12)/12 - (2 - (2 + 5)). Suppose d = s, -4*k + 3053 = k - 3*s. Is k a composite number?
False
Let w = 192 + -114. Suppose 81*m = w*m + 3165. Is m a composite number?
True
Let n be (-6)/24 - 18/(-8). Let g be 698/(n - -1 - 1). Let b = g - 56. Is b a composite number?
False
Let g = -39470 - -93179. Is g prime?
False
Let t = 1000 + -693. Is t a composite number?
False
Let d = 16821 - 9898. Suppose -d = -4*h + 873. Is h a prime number?
True
Suppose 0 = -86*j + 87*j - 2474. Is j a composite number?
True
Let q = 1256 + -760. Suppose 0 = 4*r + 5*c - 1933, -r + 7*c + q = 4*c. Is r a prime number?
True
Suppose 3*o - 119 = g, 2*g = -2*o - 159 - 63. Let b = 159 + g. Is b composite?
True
Let p = 6407 - 2206. Is p prime?
True
Let y be 24/8 - 9/(-1). Suppose -3*g = -7*g + y. Suppose -2052 = -g*j - 561. Is j a prime number?
False
Let c(i) = 7 - 6*i**2 + 8*i**3 - 5*i - 1 - 5. Let s(f) = 24*f**3 - 17*f**2 - 14*f + 2. Let g(m) = 8*c(m) - 3*s(m). Is g(-2) a composite number?
True
Let s(z) = -975*z - 13. Let p be s(-4). Suppose -3*t = p + 919. Is t/15*20/(-8) composite?
True
Suppose 2600 = 2*a + 1030. Let k = 294 - 294. Suppose -m = -k*m - a. Is m composite?
True
Let m(o) = o**3 - 11*o**2 + 15*o - 5. Let k(u) = -u**2 - u - 1. Suppose -2*s - 11 = 5*d, -5*d + 6 = -2*d - 3*s. Let i(h) = d*m(h) - 2*k(h). Is i(10) prime?
False
Suppose 2*a - 7*a = -750. Suppose -a = 4*s - 626. Is s composite?
True
Suppose 40*j - 43*j + 143699 = 5*y, 2*j + 4 = 0. Is y a prime number?
False
Let m = 39 + -45. Is (1 + (-2730)/(-4))*(-12)/m composite?
False
Let p = -12 - -15. Suppose 0 = -p*q - 9, 3*l - 7*l - 2307 = q. Let x = l - -875. Is x a prime number?
False
Let m = 12 - 10. Suppose 3*b = -m*b. Suppose b = -6*k + k + 95. Is k a composite number?
False
Suppose -3*p + 3*y = 3, -3*p + y = 2*y - 17. Suppose p*f - 297 = -a, -f = -5*a + 3*a + 585. Is a a composite number?
False
Let i = -73 + 72. Is (3987/2 - i) + (-2)/4 prime?
False
Suppose 0 = -2*i - 3*l + 1, 3*l - 29 = 9*i - 4*i. Let z(r) = r**3 + 5*r**2 + 4*r + 4. Let h be z(i). Suppose 3*p - h = p, 4*p - 1524 = -4*w. Is w composite?
False
Let b(t) = 80*t**2 - 9*t - 18. Is b(-5) a composite number?
False
Suppose 2*j + 2*j = 52. Let c(q) = q**3 - 12*q**2 + 10*q + 8. Is c(j) composite?
False
Let x(a) = 1 + 6*a**3 - 8*a**3 + 6*a**2 - 10 - 2*a. Let u be x(6). Let o = 556 + u. Is o a composite number?
True
Let h(t) = t**3 - t**2 - t + 1. Let r(z) = -2*z**3 + 4*z**2 + z - 6. Let l(v) = 5*h(v) + r(v). Is l(3) composite?
False
Let o be 29 - ((-12)/3 + 5). Is (-70)/o + (-1878)/(-4) prime?
True
Let u be 4 + ((-536)/32 - (-6)/8). Is (-6652)/u*(-3 + 3 + 3) a prime number?
True
Suppose -2*s - 299 = -3*s. Is -3 + -1 + s + 2/(-1) prime?
True
Suppose 0*g - 24 = -4*g. Let u(d) = 91*d - 10. Let b be u(g). Let i = b - 199. Is i prime?
True
Let v(t) be the third derivative of -t**6/60 - t**5/20 - t**4/8 - 5*t**3/6 + 20*t**2. Is v(-6) a prime number?
True
Let r = -1974 + 2907. Is r a prime number?
False
Let k = 64 + -61. Suppose 6*p - 2*p - 14669 = 5*j, -5*p = k*j - 18364. Is p prime?
True
Suppose 5*w + 14 = -f + 254, 250 = 5*w + 3*f. Is w composite?
False
Let g(f) = -f**3 + 10*f**2 + 9*f - 5. Let n be g(6). Is (-3)/((-3)/(-2)) + n a prime number?
True
Let b(r) = -23*r + 2. Let f(s) = -s**2 - 14*s - 5. Let c be f(-1